q?
1
Suppose -2*x = l + 5, 3*l - 4*x - 10 = 15. Suppose 4*j - 43 = -l*c, 2*j + 5*c - c - 34 = 0. Suppose -j*b + 113 = -230. What is the units digit of b?
9
Suppose m = 4*m - 867. Suppose 5*f - m = 206. What is the units digit of f?
9
Let n(i) = -21*i**3 + 2*i**2. Let f be n(-2). Suppose -v - 3*v = -f. What is the tens digit of v?
4
Let w = -38 + 11. Let c = w + 32. What is the units digit of c?
5
Suppose 0 = -4*o + m + 17, -o - 3*m + 1 = -0*o. Suppose 2*x - 7*c - 4 = -3*c, -34 = 3*x + o*c. Let h = -3 - x. What is the units digit of h?
3
What is the hundreds digit of (4 - -9736)*2/8?
4
Let q(k) = 511 - 1026 + 512 - 8*k - k**2. Suppose -3*o + 5*f = 31, 2*o = 4*f - 27 + 5. What is the units digit of q(o)?
4
Let q = -57 - -87. Let l = 1 + q. Let r = -5 + l. What is the units digit of r?
6
Let f = 7 + 5. What is the units digit of (-1)/((f/147)/(-4))?
9
Suppose -11 - 25 = 2*n + 5*c, -5*n - 4*c = 90. What is the units digit of (-3822)/(-54) - 4/n?
1
Let w be 4/22 + 432/44. Suppose -3*i + w = 4. Suppose i*b - 136 = 2*r, 0 = 4*b + 3*r - 125 - 126. What is the tens digit of b?
6
Suppose -o - 3*o = 0. Suppose 11*z - 15*z + 296 = o. What is the tens digit of z?
7
Let p(i) = 3 + 8 - 9 - 1 - 4*i. What is the units digit of p(-4)?
7
What is the tens digit of 27675/41 - (-2 + (-1 - 1))?
7
Let k = 305 - -244. What is the units digit of k?
9
Let w(k) = 3*k + 7. Let g be w(-5). Let v(r) = -r + 11. Let o be v(g). Suppose p - 10 - o = 0. What is the units digit of p?
9
Suppose -1491 = -3*n - 18*n. Suppose -n*d = -66*d - 665. What is the tens digit of d?
3
Let w(m) = -m**2 - 8*m - 9. Let u be w(-6). Suppose -9*z + u*z + 762 = 0. What is the tens digit of z?
2
Let b = 676 - -52. What is the hundreds digit of b?
7
Suppose 4 = 2*u + s, 0 = 2*u - 0*u - 2*s - 4. Suppose -128 = -u*j - 0*j. What is the units digit of j?
4
Let u be (-18)/(-36) + (-999)/(-2). Let z be u/14 + 2/7. What is the tens digit of (-824)/(-18) - (-8)/z?
4
Suppose 3*d - d - g - 361 = 0, 2*d - 4*g - 352 = 0. Let x be 3/(-4) - (-1647)/36 - 3. Suppose -4*n - x = -d. What is the units digit of n?
5
Let u(h) = 22*h - 2. Let c be u(1). Let i be (14/35)/(2/c). Suppose -2*l + 148 = i*k - 7*l, 4*k = l + 164. What is the tens digit of k?
4
Let u(x) = -x**2 - 25*x - 20. Let d be u(-24). Suppose d*o - 21 = -i, 33 = 5*i + 5*o + 3. What is the units digit of i?
1
Suppose 0 = 372*a - 365*a - 441. What is the units digit of a?
3
Suppose -3*t - 3 + 219 = 0. Suppose 4*u + t = 4*g, -2*u = -2*g + u + 38. What is the tens digit of g?
1
Let o = 280 - -192. What is the hundreds digit of o?
4
Let d = -1223 + 2717. What is the tens digit of d?
9
Suppose 256*l - 11256 = 248*l. What is the units digit of l?
7
Let m = 47 - 20. Suppose 48 + m = t. What is the tens digit of t?
7
Suppose 222 = -2*w + 584. Suppose 3*r - w = 5*a - 17, 227 = 4*r - 5*a. What is the tens digit of r?
6
Suppose -5*a - 5*t = -3575, 12*a - 1424 = 10*a + t. What is the tens digit of a?
1
Suppose 0 = 5*d + 4*q - 480, -3*d + 96 = -5*q - 155. Suppose 3*s + 2*p - d = 0, 0*s - 104 = -4*s + 2*p. What is the units digit of s?
8
Let u = 10331 + -6631. What is the units digit of u?
0
Let k = 6 - 4. Let f = 49 - 11. Suppose -4*z = -f + k. What is the units digit of z?
9
Let b be 37 + (0 - 0/(-1)). Suppose -4*l - 12 + 36 = -4*j, -2*j = 2. Suppose -l*k + b = 2. What is the units digit of k?
7
What is the hundreds digit of ((-15)/5)/((-2)/282)?
4
Let x(v) = -10*v**2 - 3*v + 165. Let d(b) = -7*b**2 - 2*b + 110. Let y(w) = -7*d(w) + 5*x(w). What is the units digit of y(0)?
5
Let r(j) = -j**3 + j**2 - j + 752. What is the tens digit of r(0)?
5
Let o be (7 + -6)/(2/2). Let c(p) = p**2 + p - 4. Let i be c(-3). What is the units digit of 38 - (i - 6)/o?
2
Let y be (0/21)/(0 - 4). Suppose y*d + 3*d = 75. What is the units digit of d?
5
Let z = 3898 + -2210. What is the units digit of z?
8
Let x(z) = -z**3 + 14*z**2 + 15*z - 10. Suppose -s = 5*s - 90. Let r be x(s). Let g = r + 38. What is the units digit of g?
8
What is the hundreds digit of 19182/20 + 83/(-830)?
9
What is the units digit of (-49)/(748/(-124) - -6)?
9
Suppose -4*u + 35 + 12 = 5*w, 4*w - 34 = -3*u. Let n = 23 - 21. Suppose d - 7 - 6 = s, -n*d - 2*s = -u. What is the tens digit of d?
1
Let n = -1593 + 2632. What is the units digit of n?
9
Let d(n) = -n**3 + 4*n**2 - n - 4. Let s be d(3). What is the tens digit of 2*s/(-4) + 36?
3
What is the tens digit of (277/(-2))/(18/(-8) - -2)?
5
Suppose -3*c + w = -9, -2*w + w = -5*c + 13. Suppose -c*q = -55 - 13. What is the units digit of q?
4
Let k(v) = 5*v - 3. Let o(y) = 4*y + 5. Let b be o(-2). Let i be k(b). Let s = i + 35. What is the units digit of s?
7
Let y(g) = 52*g**2 + 4*g - 3. Let i be y(2). Suppose 0 = -0*s + 3*s - i. What is the tens digit of s?
7
Let b(l) = -l**2 + 3*l + 2. Let y be b(3). Suppose 0 = y*h + 2 - 16. Suppose -r = -n + 4*n - 21, 2*r - n = h. What is the units digit of r?
6
Let o(w) = w**2 + 8*w - 10. Let r = 48 - 16. Let f be 44/r*-2*4. What is the tens digit of o(f)?
2
Let c = 724 - 724. Suppose 15 = 2*q + 3*q - b, 8 = -q - 2*b. Suppose c*n - q*n = -114. What is the tens digit of n?
5
What is the units digit of (-18)/(-18) + -2 + 141 + 3?
3
Let l be -69*(-2)/18 - (-4)/(-6). Let x(c) = 2*c**3 - 9*c**2 + 5*c - 10. What is the hundreds digit of x(l)?
2
Let f(p) = -22*p. Let a be 1 - (1 + 1) - -2. Suppose -a = 4*q + 7. What is the units digit of f(q)?
4
Let l(r) = 64*r - 108. What is the hundreds digit of l(13)?
7
Suppose 4*r - 661 = 5*s + 498, 5*r - 3*s = 1452. Suppose r = -10*y + 1531. What is the hundreds digit of y?
1
Suppose -2139 + 38289 = 25*h. What is the tens digit of h?
4
What is the thousands digit of ((-512)/(-10))/((-8)/(-620))?
3
Let m(i) = -i**3 + 8*i**2 - 2*i + 4. Let k be m(8). Let p(n) = -n**2 - 13*n - 10. Let z be p(k). What is the units digit of (6 - 0) + 2/z?
7
What is the tens digit of -4 + 732 + (-1 - -3)?
3
Suppose 0*b - 5 = -b. Suppose -4*p + y = 4, -b*p - 6*y + 20 = -y. Suppose -z + 8 = k - 5*z, p = 5*k - 2*z - 112. What is the tens digit of k?
2
Suppose 2*d + 4*q + 16 = 7*d, 0 = -d - 4*q + 8. Let x be -15 + 4/16*d. What is the tens digit of (48/(-14))/(4/x)?
1
Suppose 4*x = d - 0*x - 16, 0 = 4*d + 5*x + 20. Suppose h - 2 + 1 = d. Suppose -2*z - h = 1, -3*j + z + 85 = 0. What is the units digit of j?
8
Suppose -23*y + 32360 = 459. What is the tens digit of y?
8
Let c(l) = -l - 3. Let a be c(-15). What is the units digit of (-15)/(7/((-616)/a))?
0
Suppose 4*v + 2 = -5*p + 63, 2*p = 10. Let k(h) = -h + 13. Let l be k(v). Suppose -3*j + 2*a + 31 = 0, -30 - l = -2*j + 4*a. What is the units digit of j?
7
Suppose 0 = -x + 5, -x + 4077 - 22637 = -5*f. What is the thousands digit of f?
3
Let o(b) = 1 - 10 - 3*b + 5*b**2 - 4*b**2. What is the tens digit of o(-4)?
1
Let n = 99 - 65. Suppose -3*u = 4 - n. Suppose -5*j - 165 = -u*j. What is the tens digit of j?
3
Suppose -3 = -3*m + 33. Suppose -2*c + w + m = 0, 1 - 4 = c - 5*w. Suppose -3*d + 19 = c. What is the units digit of d?
4
Let z = 18 + -18. Suppose 4*a + d + z*d = 5, -d = -4*a + 11. Suppose -a*h = -3*s + 32 + 7, -5*h + 45 = 2*s. What is the tens digit of s?
1
Suppose 0 = 2*s + 5*l - 365, -3*l - l + 760 = 4*s. Let w = s + -10. What is the units digit of w?
5
Let g = 3198 - 1604. What is the units digit of g?
4
Let u(r) = 23*r + 4. Let k be u(-9). Let a = k - -335. Suppose 3*j - a = -27. What is the tens digit of j?
3
Suppose -6*b = -b. Suppose -3*l + 1 - 7 = b, -5*l = -5*y + 1470. What is the units digit of y?
2
Let f be 20/(-4)*(-3)/5. Suppose f*l + 20 = -1. Let k = 25 + l. What is the units digit of k?
8
Let z(u) = 25*u + 6. Let r be z(2). Suppose 0*f + 2 = f + 5*w, -2*w = 5*f - r. Suppose 0 = a + 2*a - f. What is the units digit of a?
4
Let n be (-1826)/(-154) - (-2 + (-39)/(-21)). Let c = 3 + 3. Let o = c + n. What is the tens digit of o?
1
Let g(i) = -36*i + 5. What is the units digit of g(-17)?
7
Suppose 5*b = -4*z + 25, -3*b + 5*b - 10 = -5*z. Suppose 672 = 5*s - 5*k + 47, -2*k + 6 = z. What is the units digit of s?
8
Suppose -12 = 9*c - 13*c. Suppose -r - b + 187 = c*r, 3*b = -3. Let v = r - 11. What is the tens digit of v?
3
Suppose -14*k + 4617 = -1865. What is the units digit of k?
3
Suppose -6*i + 8 = -2*i. Suppose -i = -2*u - 24. Let x = 5 - u. What is t